16
What is the remainder when 90182 is divided by 12877?
43
Calculate the remainder when 16607 is divided by 4151.
3
Calculate the remainder when 29280 is divided by 202.
192
What is the remainder when 26508 is divided by 241?
239
What is the remainder when 3990 is divided by 1467?
1056
Calculate the remainder when 14596 is divided by 582.
46
What is the remainder when 19248 is divided by 1749?
9
Calculate the remainder when 4278 is divided by 4269.
9
Calculate the remainder when 107191 is divided by 35701.
88
Calculate the remainder when 20106 is divided by 1673.
30
What is the remainder when 279993 is divided by 42?
21
Calculate the remainder when 71404 is divided by 5949.
16
What is the remainder when 2120 is divided by 192?
8
What is the remainder when 12726 is divided by 3170?
46
What is the remainder when 1117 is divided by 154?
39
What is the remainder when 2256 is divided by 185?
36
What is the remainder when 1779 is divided by 81?
78
Calculate the remainder when 587770 is divided by 261.
259
What is the remainder when 79592 is divided by 161?
58
Calculate the remainder when 875 is divided by 228.
191
What is the remainder when 1201 is divided by 570?
61
What is the remainder when 2577 is divided by 644?
1
Calculate the remainder when 4904 is divided by 306.
8
What is the remainder when 3054 is divided by 2907?
147
What is the remainder when 43466 is divided by 207?
203
Calculate the remainder when 1632 is divided by 1266.
366
Calculate the remainder when 2616 is divided by 15.
6
What is the remainder when 450276 is divided by 150084?
24
What is the remainder when 228143 is divided by 337?
331
What is the remainder when 25580 is divided by 82?
78
What is the remainder when 2254 is divided by 34?
10
What is the remainder when 652913 is divided by 963?
962
Calculate the remainder when 9693 is divided by 96.
93
Calculate the remainder when 13266 is divided by 255.
6
What is the remainder when 84206 is divided by 3368?
6
Calculate the remainder when 698060 is divided by 21.
20
What is the remainder when 2419 is divided by 1946?
473
What is the remainder when 547652 is divided by 450?
2
Calculate the remainder when 146433 is divided by 45.
3
What is the remainder when 38522 is divided by 11?
0
What is the remainder when 78099 is divided by 12?
3
Calculate the remainder when 795432 is divided by 57.
54
What is the remainder when 20632 is divided by 737?
733
What is the remainder when 3127 is divided by 2126?
1001
Calculate the remainder when 1274 is divided by 256.
250
What is the remainder when 11569 is divided by 82?
7
What is the remainder when 2229 is divided by 276?
21
What is the remainder when 9407 is divided by 229?
18
What is the remainder when 102478 is divided by 292?
278
Calculate the remainder when 252 is divided by 183.
69
What is the remainder when 11757 is divided by 701?
541
Calculate the remainder when 14852 is divided by 300.
152
What is the remainder when 2301 is divided by 221?
91
Calculate the remainder when 556246 is divided by 1892.
1890
What is the remainder when 5470 is divided by 1867?
1736
What is the remainder when 18304 is divided by 121?
33
What is the remainder when 96451 is divided by 191?
187
Calculate the remainder when 959850 is divided by 1526.
1522
What is the remainder when 41860 is divided by 4?
0
Calculate the remainder when 1978 is divided by 631.
85
What is the remainder when 1251 is divided by 523?
205
Calculate the remainder when 46749 is divided by 50.
49
What is the remainder when 835023 is divided by 2263?
2239
Calculate the remainder when 1037 is divided by 70.
57
What is the remainder when 5504 is divided by 1806?
86
What is the remainder when 6001 is divided by 250?
1
What is the remainder when 272649 is divided by 44?
25
Calculate the remainder when 34046 is divided by 132.
122
What is the remainder when 681 is divided by 142?
113
Calculate the remainder when 1246 is divided by 142.
110
What is the remainder when 913 is divided by 308?
297
Calculate the remainder when 4235 is divided by 118.
105
What is the remainder when 176830 is divided by 58941?
7
What is the remainder when 2626 is divided by 609?
190
Calculate the remainder when 2212827 is divided by 30.
27
Calculate the remainder when 16050 is divided by 382.
6
Calculate the remainder when 6007 is divided by 868.
799
Calculate the remainder when 7505 is divided by 21.
8
What is the remainder when 30162 is divided by 9861?
579
Calculate the remainder when 108773 is divided by 31.
25
Calculate the remainder when 110044 is divided by 25.
19
Calculate the remainder when 2538 is divided by 162.
108
What is the remainder when 1190 is divided by 28?
14
What is the remainder when 1593 is divided by 138?
75
What is the remainder when 34717 is divided by 34717?
0
Calculate the remainder when 7469 is divided by 20.
9
Calculate the remainder when 6851 is divided by 10.
1
Calculate the remainder when 909 is divided by 315.
279
What is the remainder when 197079 is divided by 71?
54
Calculate the remainder when 45850 is divided by 1066.
12
What is the remainder when 17455 is divided by 86?
83
What is the remainder when 2483 is divided by 276?
275
What is the remainder when 55015 is divided by 18325?
40
What is the remainder when 19369 is divided by 213?
199
Calculate the remainder when 27181 is divided by 920.
501
What is the remainder when 35963 is divided by 782?
773
Calculate the remainder when 20861 is divided by 993.
8
Calculate the remainder when 14942 is divided by 287.
18
What is the remainder when 897632 is divided by 33?
32
Calculate the remainder when 27231 is divided by 237.
213
What is the remainder when 16485 is divided by 562?
187
What is the remainder when 2600 is divided by 130?
0
Calculate the remainder when 3831 is divided by 17.
6
Calculate the remainder when 3219 is divided by 343.
132
Calculate the remainder when 3001 is divided by 1492.
17
What is the remainder when 66857 is divided by 215?
207
Calculate the remainder when 52789 is divided by 75.
64
Calculate the remainder when 6437 is divided by 1971.
524
Calculate the remainder when 11072 is divided by 36.
20
Calculate the remainder when 1216168 is divided by 90.
88
Calculate the remainder when 905 is divided by 13.
8
Calculate the remainder when 391465 is divided by 82.
79
What is the remainder when 16062 is divided by 1006?
972
Calculate the remainder when 144 is divided by 115.
29
What is the remainder when 2105670 is divided by 17?
16
What is the remainder when 8522698 is divided by 100?
98
What is the remainder when 3000 is divided by 138?
102
What is the remainder when 1608 is divided by 436?
300
Calculate the remainder when 1151 is divided by 843.
308
What is the remainder when 1984 is divided by 956?
72
What is the remainder when 136079 is divided by 504?
503
Calculate the remainder when 7619 is divided by 48.
35
Calculate the remainder when 1780 is divided by 1776.
4
What is the remainder when 587 is divided by 139?
31
What is the remainder when 884 is divided by 15?
14
Calculate the remainder when 7989 is divided by 300.
189
What is the remainder when 9589 is divided by 651?
475
What is the remainder when 21407 is divided by 7131?
14
Calculate the remainder when 402144 is divided by 2338.
8
What is the remainder when 19039 is divided by 595?
594
What is the remainder when 6495 is divided by 909?
132
What is the remainder when 17322 is divided by 4321?
38
What is the remainder when 289737 is divided by 950?
937
Calculate the remainder when 932221 is divided by 773.
756
Calculate the remainder when 59595 is divided by 1104.
1083
What is the remainder when 12890 is divided by 1519?
738
What is the remainder when 19662 is divided by 3928?
22
Calculate the remainder when 58073 is divided by 20.
13
Calculate the remainder when 685311 is divided by 2083.
4
What is the remainder when 137800 is divided by 261?
253
What is the remainder when 129592 is divided by 2356?
12
Calculate the remainder when 44729 is divided by 3439.
22
Calculate the remainder when 77783 is divided by 654.
611
What is the remainder when 42659 is divided by 14217?
8
Calculate the remainder when 41892 is divided by 20946.
0
What is the remainder when 48990 is divided by 405?
390
Calculate the rema